{"id":94,"date":"2021-11-30T23:32:07","date_gmt":"2021-12-01T02:32:07","guid":{"rendered":"https:\/\/efxpedais.com\/loja\/?post_type=product&#038;p=94"},"modified":"2025-01-03T11:01:53","modified_gmt":"2025-01-03T14:01:53","slug":"modul-delay","status":"publish","type":"product","link":"https:\/\/efxpedais.com\/loja\/shop\/modulacao-noisemaker\/modulacao\/modul-delay\/","title":{"rendered":"Modul Delay"},"content":{"rendered":"<p class=\"prefacio\">\n<h2>Delay anal\u00f3gico de at\u00e9 725ms agora com modula\u00e7\u00e3o!<\/h2>\n<p><!--more--><\/p>\n<p>Delay anal\u00f3gico com repeti\u00e7\u00e3o m\u00e1xima de 725ms. Possui 5 controles: Repeats (numero de repeti\u00e7\u00f5es), Time (tempo da repeti\u00e7\u00e3o), Level (Volume da repeti\u00e7\u00e3o), Speed (Velocidade da modula\u00e7\u00e3o) e Depth (profundidade da modula\u00e7\u00e3o).<\/p>\n<p>A modula\u00e7\u00e3o \u00e9 ligada e desligada atrav\u00e9s da chave, podendo funcionar como um Delay anal\u00f3gico comum ou com modula\u00e7\u00e3o.<\/p>\n<p>Com sua modula\u00e7\u00e3o conseguimos sons parecidos com Chorus, Vibrato, Tremolo e misturas muito inusitadas e psicod\u00e9licas.<\/p>\n<p><strong><\/strong><\/p>\n<p><strong><\/strong><\/p>\n<p><strong><br \/>\nControles:<br \/>\n<\/strong><\/p>\n<ul>\n<li><strong>REPEATS:<\/strong> Quantidade de repeti\u00e7\u00f5es<\/li>\n<li><strong>TIME:<\/strong> Intervalo do Delay<\/li>\n<li><strong>LEVEL:<\/strong> Volume das repeti\u00e7\u00f5es<\/li>\n<li><strong>SPEED:<\/strong> Velocidade da modula\u00e7\u00e3o<\/li>\n<li><strong>DEPTH:<\/strong> Profundidade da modula\u00e7\u00e3o<\/li>\n<\/ul>\n<p>&nbsp;<\/p>\n<p><strong>Especifica\u00e7\u00f5es: <\/strong><\/p>\n<ul class=\"especificacoes\">\n<li>Dimens\u00f5es(CxLxA): 11cm x 6.5cm x 5cm<\/li>\n<li>True Bypass<\/li>\n<li>Plug de fonte (padr\u00e3o Boss)<\/li>\n<li>Caixa de a\u00e7o carbono<\/li>\n<li>Fundo anti derrapante<\/li>\n<\/ul>\n<\/div>\n<h3>Videos<\/h3>\n<p><iframe loading=\"lazy\" width=\"560\" height=\"315\" src=\"https:\/\/www.youtube.com\/embed\/G4K5apHcxLM?si=VHFts59Kdbml4LDH\" title=\"YouTube video player\" frameborder=\"0\" allow=\"accelerometer; autoplay; clipboard-write; encrypted-media; gyroscope; picture-in-picture; web-share\" allowfullscreen><\/iframe><\/p>\n","protected":false},"excerpt":{"rendered":"<p>Delay anal\u00f3gico de at\u00e9 725ms agora com modula\u00e7\u00e3o!<\/p>\n","protected":false},"featured_media":763,"comment_status":"open","ping_status":"closed","template":"","meta":[],"product_cat":[15,44,28],"product_tag":[],"_links":{"self":[{"href":"https:\/\/efxpedais.com\/loja\/wp-json\/wp\/v2\/product\/94"}],"collection":[{"href":"https:\/\/efxpedais.com\/loja\/wp-json\/wp\/v2\/product"}],"about":[{"href":"https:\/\/efxpedais.com\/loja\/wp-json\/wp\/v2\/types\/product"}],"replies":[{"embeddable":true,"href":"https:\/\/efxpedais.com\/loja\/wp-json\/wp\/v2\/comments?post=94"}],"wp:featuredmedia":[{"embeddable":true,"href":"https:\/\/efxpedais.com\/loja\/wp-json\/wp\/v2\/media\/763"}],"wp:attachment":[{"href":"https:\/\/efxpedais.com\/loja\/wp-json\/wp\/v2\/media?parent=94"}],"wp:term":[{"taxonomy":"product_cat","embeddable":true,"href":"https:\/\/efxpedais.com\/loja\/wp-json\/wp\/v2\/product_cat?post=94"},{"taxonomy":"product_tag","embeddable":true,"href":"https:\/\/efxpedais.com\/loja\/wp-json\/wp\/v2\/product_tag?post=94"}],"curies":[{"name":"wp","href":"https:\/\/api.w.org\/{rel}","templated":true}]}}