{"id":92,"date":"2021-11-30T23:32:06","date_gmt":"2021-12-01T02:32:06","guid":{"rendered":"https:\/\/efxpedais.com\/loja\/?post_type=product&#038;p=92"},"modified":"2025-01-03T11:03:31","modified_gmt":"2025-01-03T14:03:31","slug":"vibe","status":"publish","type":"product","link":"https:\/\/efxpedais.com\/loja\/shop\/modulacao-noisemaker\/modulacao\/vibe\/","title":{"rendered":"Vibe"},"content":{"rendered":"<p class=\"prefacio\"><span>\u00c9 um phaser, \u00e9 um vibrato, \u00e9 um rotary speaker mono.<\/span><\/p>\n<p><!--more--><\/p>\n<p>Pedal semelhante ao Univibe, funciona como Phaser (modo chorus) ou  vibrato. Tem uma oscila\u00e7\u00e3o bem profunda que se assemelha a um falante  girat\u00f3rio.<\/p>\n<p><strong>Controles: <\/strong><\/p>\n<ul>\n<li><strong> <\/strong><strong>SPEED:<\/strong> Velocidade<\/li>\n<li><strong>DEPTH:<\/strong> Profundidade<\/li>\n<li><strong>CHORUS\/VIBRATO:<\/strong> Alterna entre o efeito Vibe ou Vibrato<\/li>\n<\/ul>\n<p>&nbsp;<\/p>\n<p><strong>Especifica\u00e7\u00f5es: <\/strong><\/p>\n<ul class=\"especificacoes\">\n<li>Dimens\u00f5es(CxLxA): 11cm x 6,5cm x 5cm<\/li>\n<li>True Bypass<\/li>\n<li>Plug de fonte (padr\u00e3o Boss)<\/li>\n<li>Caixa de a\u00e7o carbono<\/li>\n<li>Fundo anti derrapante<\/li>\n<\/ul>\n<\/div>\n<h3>Video Reviews<\/h3>\n<p><iframe loading=\"lazy\" width=\"560\" height=\"315\" src=\"https:\/\/www.youtube.com\/embed\/t1Uwe1xBBw0?si=oZQ4QHA_bJjQ5Qg1\" title=\"YouTube video player\" frameborder=\"0\" allow=\"accelerometer; autoplay; clipboard-write; encrypted-media; gyroscope; picture-in-picture; web-share\" allowfullscreen><\/iframe><\/p>\n<h3>Audio Samples<\/h3>\n<p><iframe loading=\"lazy\" scrolling=\"no\" src=\"https:\/\/w.soundcloud.com\/player\/?url=https%3A\/\/api.soundcloud.com\/tracks\/16734688&amp;auto_play=false&amp;hide_related=false&amp;show_comments=true&amp;show_user=true&amp;show_reposts=false&amp;visual=true\" width=\"100%\" height=\"81\" frameborder=\"no\"><\/iframe><\/p>\n<p><iframe loading=\"lazy\" scrolling=\"no\" src=\"https:\/\/w.soundcloud.com\/player\/?url=https%3A\/\/api.soundcloud.com\/tracks\/16734689&amp;auto_play=false&amp;hide_related=false&amp;show_comments=true&amp;show_user=true&amp;show_reposts=false&amp;visual=true\" width=\"100%\" height=\"81\" frameborder=\"no\"><\/iframe><\/p>\n<p><iframe loading=\"lazy\" scrolling=\"no\" src=\"https:\/\/w.soundcloud.com\/player\/?url=https%3A\/\/api.soundcloud.com\/tracks\/16734690&amp;auto_play=false&amp;hide_related=false&amp;show_comments=true&amp;show_user=true&amp;show_reposts=false&amp;visual=true\" width=\"100%\" height=\"81\" frameborder=\"no\"><\/iframe><\/p>\n","protected":false},"excerpt":{"rendered":"<p>\u00c9 um phaser, \u00e9 um vibrato, \u00e9 um rotary speaker mono.<\/p>\n","protected":false},"featured_media":759,"comment_status":"open","ping_status":"closed","template":"","meta":[],"product_cat":[15,44,28],"product_tag":[],"_links":{"self":[{"href":"https:\/\/efxpedais.com\/loja\/wp-json\/wp\/v2\/product\/92"}],"collection":[{"href":"https:\/\/efxpedais.com\/loja\/wp-json\/wp\/v2\/product"}],"about":[{"href":"https:\/\/efxpedais.com\/loja\/wp-json\/wp\/v2\/types\/product"}],"replies":[{"embeddable":true,"href":"https:\/\/efxpedais.com\/loja\/wp-json\/wp\/v2\/comments?post=92"}],"wp:featuredmedia":[{"embeddable":true,"href":"https:\/\/efxpedais.com\/loja\/wp-json\/wp\/v2\/media\/759"}],"wp:attachment":[{"href":"https:\/\/efxpedais.com\/loja\/wp-json\/wp\/v2\/media?parent=92"}],"wp:term":[{"taxonomy":"product_cat","embeddable":true,"href":"https:\/\/efxpedais.com\/loja\/wp-json\/wp\/v2\/product_cat?post=92"},{"taxonomy":"product_tag","embeddable":true,"href":"https:\/\/efxpedais.com\/loja\/wp-json\/wp\/v2\/product_tag?post=92"}],"curies":[{"name":"wp","href":"https:\/\/api.w.org\/{rel}","templated":true}]}}