{"id":89,"date":"2021-11-30T23:32:05","date_gmt":"2021-12-01T02:32:05","guid":{"rendered":"https:\/\/efxpedais.com\/loja\/?post_type=product&#038;p=89"},"modified":"2025-01-03T11:03:47","modified_gmt":"2025-01-03T14:03:47","slug":"flanger","status":"publish","type":"product","link":"https:\/\/efxpedais.com\/loja\/shop\/modulacao-noisemaker\/modulacao\/flanger\/","title":{"rendered":"Flanger"},"content":{"rendered":"<p class=\"prefacio\"><span>Flanger anal\u00f3gico cl\u00e1ssico.<\/span><\/p>\n<p><!--more--><\/p>\n<p>Flanger anal\u00f3gico baseado no Iba\u00f1ez FL9 da Iba\u00f1ez. Pode ser usado tanto  depois das distor\u00e7\u00f5es para dar aquele efeito cl\u00e1ssico de barulho de jato  como no som limpo para dar ambi\u00eancia ao som igual a um Chorus. Possui  os controles Speed (velocidade), Width (profundidade, Regen  (resson\u00e2ncia) e Time (tempo).<\/p>\n<p><strong>Controles: <\/strong><\/p>\n<ul>\n<li><strong>SPEED:<\/strong> Velocidade da oscila\u00e7\u00e3o<strong> <\/strong><\/li>\n<li><strong>REGEN:<\/strong> Realimenta\u00e7\u00e3o\/resson\u00e2ncia<strong> <\/strong><\/li>\n<li><strong>WIDTH:<\/strong> Comprimento\/profundidade<strong> <\/strong><\/li>\n<li><strong>TIME:<\/strong> Alcance da oscila\u00e7\u00e3o<\/li>\n<\/ul>\n<p><strong>Especifica\u00e7\u00f5es: <\/strong><\/p>\n<ul class=\"especificacoes\">\n<li>Dimens\u00f5es(CxLxA): 10cm x 8cm x 6cm<\/li>\n<li>True Bypass<\/li>\n<li>Plug de fonte (padr\u00e3o Boss)<\/li>\n<li>Clip para bateria 9v<\/li>\n<li>Caixa de a\u00e7o carbono<\/li>\n<li>Fundo anti derrapante<\/li>\n<\/ul>\n<\/div>\n","protected":false},"excerpt":{"rendered":"<p>Flanger anal\u00f3gico cl\u00e1ssico.<\/p>\n","protected":false},"featured_media":686,"comment_status":"open","ping_status":"closed","template":"","meta":[],"product_cat":[15,28],"product_tag":[],"_links":{"self":[{"href":"https:\/\/efxpedais.com\/loja\/wp-json\/wp\/v2\/product\/89"}],"collection":[{"href":"https:\/\/efxpedais.com\/loja\/wp-json\/wp\/v2\/product"}],"about":[{"href":"https:\/\/efxpedais.com\/loja\/wp-json\/wp\/v2\/types\/product"}],"replies":[{"embeddable":true,"href":"https:\/\/efxpedais.com\/loja\/wp-json\/wp\/v2\/comments?post=89"}],"wp:featuredmedia":[{"embeddable":true,"href":"https:\/\/efxpedais.com\/loja\/wp-json\/wp\/v2\/media\/686"}],"wp:attachment":[{"href":"https:\/\/efxpedais.com\/loja\/wp-json\/wp\/v2\/media?parent=89"}],"wp:term":[{"taxonomy":"product_cat","embeddable":true,"href":"https:\/\/efxpedais.com\/loja\/wp-json\/wp\/v2\/product_cat?post=89"},{"taxonomy":"product_tag","embeddable":true,"href":"https:\/\/efxpedais.com\/loja\/wp-json\/wp\/v2\/product_tag?post=89"}],"curies":[{"name":"wp","href":"https:\/\/api.w.org\/{rel}","templated":true}]}}