{"id":88,"date":"2021-11-30T23:32:05","date_gmt":"2021-12-01T02:32:05","guid":{"rendered":"https:\/\/efxpedais.com\/loja\/?post_type=product&#038;p=88"},"modified":"2025-01-03T11:03:54","modified_gmt":"2025-01-03T14:03:54","slug":"space-noise","status":"publish","type":"product","link":"https:\/\/efxpedais.com\/loja\/shop\/oitavador-filter\/filter\/space-noise\/","title":{"rendered":"Space Noise"},"content":{"rendered":"<p class=\"prefacio\"><span>Fuzz, envelope e oitavador para criar sons especiais e espaciais.<\/span><\/p>\n<p><!--more--><\/p>\n<p>Se voc\u00ea acha que o &#8220;Fuzz Factory&#8221; \u00e9 o pedal mais insano que j\u00e1 escutou,  est\u00e1 na hora de ouvir o &#8220;Space Noise&#8221;. O &#8220;Space Noise&#8221; soa como algo  entre um Fuzz, um Envelope Filter e um Noise Maker, possibilitando sons  espaciais e inesperados, como oitavas abaixo, mudan\u00e7a de pitch,  oscila\u00e7\u00f5es repentinas e onde mais sua criatividade te levar! Os  controles s\u00e3o: Level (Volume), Frequ\u00eancia, Attack e Sens.(Sensitivity)  (ativados quando a chave Envelope est\u00e1 na posi\u00e7\u00e3o ON), e T.Hold  (Threshold), que serve como um gate para o ru\u00eddo quando n\u00e3o se quer  escut\u00e1-lo soando junto \u00e0 nota.<\/p>\n<p>As regulagens s\u00e3o infinitas, assim como  as possibilidades de sons. Coloque o T. Hold no m\u00ednimo e voc\u00ea ter\u00e1  mudan\u00e7as de pitch inesperadas, como se estivesse movendo a alavanca da  guitarra, coloque a Frequ\u00eancia no m\u00e1ximo e explore sons de &#8220;mosquito&#8221;,  etc.. Chequem nossos samples em mp3 para uma id\u00e9ia mais apurada do  verdadeiro potencial do Space Noise!<\/p>\n<p><strong>Controles: <\/strong><\/p>\n<ul>\n<li><strong><\/strong><strong>LEVEL:<\/strong> Volume<\/li>\n<li><strong>FREQ:<\/strong> Frequ\u00eancia ressonante<\/li>\n<li><strong>T. HOLD:<\/strong> \u201cSegura\u201d a resson\u00e2ncia<\/li>\n<li><strong>ATTACK:<\/strong> Ataque do envelope<\/li>\n<li><strong>SENS:<\/strong> Sensibilidade do envelope \u00e0 palhetada<\/li>\n<li><strong>ENVELOPE:<\/strong> Liga e desliga o envelope filter do pedal<strong><\/strong><\/li>\n<li><strong>WIDTH II:<\/strong> Comprimento das freq\u00fc\u00eancias agudas<\/li>\n<\/ul>\n<p><strong>Especifica\u00e7\u00f5es: <\/strong><\/p>\n<ul class=\"especificacoes\">\n<li>Dimens\u00f5es(CxLxA): 10cm x 8cm x 6cm<\/li>\n<li>True Bypass<\/li>\n<li>Clip de bateria<\/li>\n<li>Plug de fonte (padr\u00e3o Boss)<\/li>\n<li>Caixa de a\u00e7o carbono<\/li>\n<li>Fundo anti derrapante<\/li>\n<\/ul>\n<\/div>\n<h3>Audio Samples<\/h3>\n<p><iframe loading=\"lazy\" width=\"100%\" height=\"81\" scrolling=\"no\" frameborder=\"no\" src=\"https:\/\/w.soundcloud.com\/player\/?url=https%3A\/\/api.soundcloud.com\/tracks\/16734660&amp;auto_play=false&amp;hide_related=false&amp;show_comments=true&amp;show_user=true&amp;show_reposts=false&amp;visual=true\"><\/iframe><\/p>\n<p><iframe loading=\"lazy\" width=\"100%\" height=\"81\" scrolling=\"no\" frameborder=\"no\" src=\"https:\/\/w.soundcloud.com\/player\/?url=https%3A\/\/api.soundcloud.com\/tracks\/16734661&amp;auto_play=false&amp;hide_related=false&amp;show_comments=true&amp;show_user=true&amp;show_reposts=false&amp;visual=true\"><\/iframe><\/p>\n<p><iframe loading=\"lazy\" width=\"100%\" height=\"81\" scrolling=\"no\" frameborder=\"no\" src=\"https:\/\/w.soundcloud.com\/player\/?url=https%3A\/\/api.soundcloud.com\/tracks\/16734662&amp;auto_play=false&amp;hide_related=false&amp;show_comments=true&amp;show_user=true&amp;show_reposts=false&amp;visual=true\"><\/iframe><\/p>\n<p><iframe loading=\"lazy\" width=\"100%\" height=\"81\" scrolling=\"no\" frameborder=\"no\" src=\"https:\/\/w.soundcloud.com\/player\/?url=https%3A\/\/api.soundcloud.com\/tracks\/16734663&amp;auto_play=false&amp;hide_related=false&amp;show_comments=true&amp;show_user=true&amp;show_reposts=false&amp;visual=true\"><\/iframe><\/p>\n<p><iframe loading=\"lazy\" width=\"100%\" height=\"81\" scrolling=\"no\" frameborder=\"no\" src=\"https:\/\/w.soundcloud.com\/player\/?url=https%3A\/\/api.soundcloud.com\/tracks\/16734664&amp;auto_play=false&amp;hide_related=false&amp;show_comments=true&amp;show_user=true&amp;show_reposts=false&amp;visual=true\"><\/iframe><\/p>\n","protected":false},"excerpt":{"rendered":"<p>Fuzz, envelope e oitavador para criar sons especiais e espaciais.<\/p>\n","protected":false},"featured_media":254,"comment_status":"open","ping_status":"closed","template":"","meta":[],"product_cat":[15,32,28,29],"product_tag":[],"_links":{"self":[{"href":"https:\/\/efxpedais.com\/loja\/wp-json\/wp\/v2\/product\/88"}],"collection":[{"href":"https:\/\/efxpedais.com\/loja\/wp-json\/wp\/v2\/product"}],"about":[{"href":"https:\/\/efxpedais.com\/loja\/wp-json\/wp\/v2\/types\/product"}],"replies":[{"embeddable":true,"href":"https:\/\/efxpedais.com\/loja\/wp-json\/wp\/v2\/comments?post=88"}],"wp:featuredmedia":[{"embeddable":true,"href":"https:\/\/efxpedais.com\/loja\/wp-json\/wp\/v2\/media\/254"}],"wp:attachment":[{"href":"https:\/\/efxpedais.com\/loja\/wp-json\/wp\/v2\/media?parent=88"}],"wp:term":[{"taxonomy":"product_cat","embeddable":true,"href":"https:\/\/efxpedais.com\/loja\/wp-json\/wp\/v2\/product_cat?post=88"},{"taxonomy":"product_tag","embeddable":true,"href":"https:\/\/efxpedais.com\/loja\/wp-json\/wp\/v2\/product_tag?post=88"}],"curies":[{"name":"wp","href":"https:\/\/api.w.org\/{rel}","templated":true}]}}