{"id":57,"date":"2021-11-30T23:31:34","date_gmt":"2021-12-01T02:31:34","guid":{"rendered":"https:\/\/efxpedais.com\/loja\/?post_type=product&#038;p=57"},"modified":"2025-01-03T11:15:40","modified_gmt":"2025-01-03T14:15:40","slug":"supercharger","status":"publish","type":"product","link":"https:\/\/efxpedais.com\/loja\/shop\/overdrivesedistorcoes\/distorcao\/supercharger\/","title":{"rendered":"Supercharger"},"content":{"rendered":"<p class=\"prefacio\"><span>Incr\u00edvel pedal totalmente valvulado com timbre do Soldano SLO.<\/span><\/p>\n<p><!--more--><\/p>\n<p>Pedal de distor\u00e7\u00e3o 100% valvulada, baseado no &#8220;Soldano Supercharger GTO&#8221;.  Ao contr\u00e1rio do original que tem s\u00f3 um controle limitado de Tone, o Supercharger EFX possui 3 controles de equaliza\u00e7\u00e3o: Treble, Basse Mid, al\u00e9m de Level e Gain. Utiliza 2 valvulas 12AX7  funcionando em alta voltagem, o que confere a ele um timbre forte e  pesado, caracter\u00edstico da Soldano.<\/p>\n<p><strong>Controles: <\/strong><\/p>\n<ul>\n<li><strong>TREBLE<\/strong>: Adiciona ou corta      agudos<\/li>\n<li><strong>BASS<\/strong>: Adiciona graves<\/li>\n<li><strong>MID<\/strong>: Corte de m\u00e9dios<\/li>\n<li><strong>LEVEL<\/strong>: Volume<\/li>\n<li><strong>GAIN:<\/strong> Distor\u00e7\u00e3o<\/li>\n<\/ul>\n<\/div>\n<h3>Audio Samples<\/h3>\n<p><iframe loading=\"lazy\" width=\"100%\" height=\"81\" scrolling=\"no\" frameborder=\"no\" src=\"https:\/\/w.soundcloud.com\/player\/?url=https%3A\/\/api.soundcloud.com\/tracks\/16734665&amp;auto_play=false&amp;hide_related=false&amp;show_comments=true&amp;show_user=true&amp;show_reposts=false&amp;visual=true\"><\/iframe><\/p>\n<h3>V\u00eddeos<\/h3>\n<p><iframe loading=\"lazy\" width=\"560\" height=\"315\" src=\"http:\/\/www.youtube.com\/embed\/ysk-xMomIpU\" frameborder=\"0\" allowfullscreen=\"\"><\/iframe><\/p>\n<p><iframe loading=\"lazy\" width=\"560\" height=\"315\" src=\"http:\/\/www.youtube.com\/embed\/24wjOtGGGJk\" frameborder=\"0\" allowfullscreen=\"\"><\/iframe><\/p>\n","protected":false},"excerpt":{"rendered":"<p>Incr\u00edvel pedal totalmente valvulado com timbre do Soldano SLO.<\/p>\n","protected":false},"featured_media":300,"comment_status":"open","ping_status":"closed","template":"","meta":[],"product_cat":[15,21,35],"product_tag":[],"_links":{"self":[{"href":"https:\/\/efxpedais.com\/loja\/wp-json\/wp\/v2\/product\/57"}],"collection":[{"href":"https:\/\/efxpedais.com\/loja\/wp-json\/wp\/v2\/product"}],"about":[{"href":"https:\/\/efxpedais.com\/loja\/wp-json\/wp\/v2\/types\/product"}],"replies":[{"embeddable":true,"href":"https:\/\/efxpedais.com\/loja\/wp-json\/wp\/v2\/comments?post=57"}],"wp:featuredmedia":[{"embeddable":true,"href":"https:\/\/efxpedais.com\/loja\/wp-json\/wp\/v2\/media\/300"}],"wp:attachment":[{"href":"https:\/\/efxpedais.com\/loja\/wp-json\/wp\/v2\/media?parent=57"}],"wp:term":[{"taxonomy":"product_cat","embeddable":true,"href":"https:\/\/efxpedais.com\/loja\/wp-json\/wp\/v2\/product_cat?post=57"},{"taxonomy":"product_tag","embeddable":true,"href":"https:\/\/efxpedais.com\/loja\/wp-json\/wp\/v2\/product_tag?post=57"}],"curies":[{"name":"wp","href":"https:\/\/api.w.org\/{rel}","templated":true}]}}