{"id":113,"date":"2021-11-30T23:32:33","date_gmt":"2021-12-01T02:32:33","guid":{"rendered":"https:\/\/efxpedais.com\/loja\/?post_type=product&#038;p=113"},"modified":"2025-01-03T10:54:18","modified_gmt":"2025-01-03T13:54:18","slug":"double-trouble","status":"publish","type":"product","link":"https:\/\/efxpedais.com\/loja\/shop\/amp-preamp-boost\/boost\/double-trouble\/","title":{"rendered":"Double Trouble"},"content":{"rendered":"<p class=\"prefacio\"><span>Dois Hard On Boost \u00e9 confus\u00e3o dobrada.<\/span><\/p>\n<p><!--more--><\/p>\n<p>Booster de dois canais (s\u00e3o dois Hard On Boost) que podem ser usados juntos ou separados. Com ele voc\u00ea consegue tr\u00eas tipos de som: O do booster 1 (vol1), o do booster 2 (vol2) ou os dois juntos gerando uma distor\u00e7\u00e3o. O sinal passa primeiro pelo 1 depois pelo 2 e o master volume vem por \u00faltimo. Cuidado para nao usar os 3 controles no maximo que pode at\u00e9 queimar a entrada do amplificador!<\/p>\n<p><strong>Controles:<\/strong><\/p>\n<ul>\n<li><strong>VOL1:<\/strong> volume do canal 1<strong> <\/strong><\/li>\n<li><strong>MASTER:<\/strong> Ganho canal 2&nbsp;<strong> <\/strong><\/li>\n<li><strong>VOL2:<\/strong> volume do canal 2<\/li>\n<\/ul>\n<p>&nbsp;<\/p>\n<p><strong>Especifica\u00e7\u00f5es:<\/strong><\/p>\n<ul class=\"especificacoes\">\n<li>Dimens\u00f5es(CxLxA): 10cm x 8cm x 6cm<\/li>\n<li>True Bypass<\/li>\n<li>Plug de fonte (padr\u00e3o Boss)<\/li>\n<li>Clip para bateria 9v<\/li>\n<li>Caixa de a\u00e7o carbono<\/li>\n<li>Fundo anti derrapante<\/li>\n<\/ul>\n<\/div>\n","protected":false},"excerpt":{"rendered":"<p>Dois Hard On Boost \u00e9 confus\u00e3o dobrada.<\/p>\n","protected":false},"featured_media":241,"comment_status":"open","ping_status":"closed","template":"","meta":[],"product_cat":[15,40],"product_tag":[],"_links":{"self":[{"href":"https:\/\/efxpedais.com\/loja\/wp-json\/wp\/v2\/product\/113"}],"collection":[{"href":"https:\/\/efxpedais.com\/loja\/wp-json\/wp\/v2\/product"}],"about":[{"href":"https:\/\/efxpedais.com\/loja\/wp-json\/wp\/v2\/types\/product"}],"replies":[{"embeddable":true,"href":"https:\/\/efxpedais.com\/loja\/wp-json\/wp\/v2\/comments?post=113"}],"wp:featuredmedia":[{"embeddable":true,"href":"https:\/\/efxpedais.com\/loja\/wp-json\/wp\/v2\/media\/241"}],"wp:attachment":[{"href":"https:\/\/efxpedais.com\/loja\/wp-json\/wp\/v2\/media?parent=113"}],"wp:term":[{"taxonomy":"product_cat","embeddable":true,"href":"https:\/\/efxpedais.com\/loja\/wp-json\/wp\/v2\/product_cat?post=113"},{"taxonomy":"product_tag","embeddable":true,"href":"https:\/\/efxpedais.com\/loja\/wp-json\/wp\/v2\/product_tag?post=113"}],"curies":[{"name":"wp","href":"https:\/\/api.w.org\/{rel}","templated":true}]}}