{"id":198,"date":"2022-01-03T14:15:31","date_gmt":"2022-01-03T17:15:31","guid":{"rendered":"https:\/\/efxpedais.com\/loja\/?page_id=198"},"modified":"2022-01-03T14:15:52","modified_gmt":"2022-01-03T17:15:52","slug":"sobre-a-e-f-x-effects","status":"publish","type":"page","link":"https:\/\/efxpedais.com\/loja\/sobre-a-e-f-x-effects\/","title":{"rendered":"Sobre a E.F.X"},"content":{"rendered":"\n<p><img loading=\"lazy\" class=\"alignleft size-full wp-image-206\" style=\"margin: 0; margin-bottom: 20px;\" title=\"sobre_efx\" src=\"http:\/\/efxpedais.com\/loja\/wp-content\/uploads\/2010\/06\/sobre_efx.jpg\" alt=\"\" width=\"680\" height=\"212\" \/><\/p>\n<p>A EFX come\u00e7ou em meados de 2002, quando o at\u00e9 ent\u00e3o estudante de engenharia el\u00e9trica, Eugenio Vila Greg\u00f3rio, decidiu fazer alguns experimentos de eletr\u00f4nica e utiliz\u00e1-los para alterar o som de sua guitarra. De in\u00edcio, n\u00e3o tinha pretens\u00e3o alguma de comercializ\u00e1-los, mas seus amigos gostaram muito do som e come\u00e7aram a pedir-lhe que clonasse efeitos de guitarra &#8220;famosos&#8221; e modificasse-os \u00e0 seu gosto.<\/p>\n<p>A id\u00e9ia foi tomando propor\u00e7\u00f5es maiores gra\u00e7as \u00e0 fidelidade ao som original e a qualidade das melhorias e modifica\u00e7\u00f5es. Logo, n\u00e3o havia outro caminho a n\u00e3o ser expandir a linha e fazer daquilo um of\u00edcio.<\/p>\n<p>Ap\u00f3s um ano de pesquisas, e centenas de efeitos testados, foram escolhidos os melhores pedais e projetos ao redor do mundo para fazer parte de nosso cat\u00e1logo. As mais variadas classes de efeitos se encontram dispon\u00edveis com constru\u00e7\u00e3o e componentes de primeira, &#8220;True Bypass&#8221; e com caixas e layouts bem elaborados.<\/p>\n<p>Estamos sempre em busca de novos projetos para ampliar nossa linha, e fazendo o poss\u00edvel para atender \u00e0s necessidades &#8220;timbr\u00edsticas&#8221; dos guitarristas a um custo mais acess\u00edvel. Com certeza, a EFX tem os pedais que voc\u00ea precisa.<\/p>\n<p> <\/p>\n<h3>Clipping<\/h3>\n<p>Algumas mat\u00e9rias e sites que citaram nossos produtos:<\/p>\n<div id=\"clipping\">\n<p><a href=\"http:\/\/efxpedais.com\/loja\/wp-content\/uploads\/2010\/06\/imprensa_gp_fev2007.jpg\"><img loading=\"lazy\" title=\"imprensa_capa_gp_fev2007\" src=\"http:\/\/efxpedais.com\/loja\/wp-content\/uploads\/2010\/06\/imprensa_capa_gp_fev2007.jpg\" alt=\"\" width=\"200\" height=\"276\" \/><\/a><\/p>\n<p><a href=\"http:\/\/efxpedais.com\/loja\/wp-content\/uploads\/2010\/06\/imprensa_gp_mar2007.jpg\"><img loading=\"lazy\" title=\"imprensa_capa_gp_mar2007\" src=\"http:\/\/efxpedais.com\/loja\/wp-content\/uploads\/2010\/06\/imprensa_capa_gp_mar2007.jpg\" alt=\"\" width=\"200\" height=\"276\" \/><\/a><\/p>\n<p><a href=\"http:\/\/efxpedais.com\/loja\/wp-content\/uploads\/2010\/06\/imprensa_gp_out2007.jpg\"><img loading=\"lazy\" title=\"imprensa_capa_gp_out2007\" src=\"http:\/\/efxpedais.com\/loja\/wp-content\/uploads\/2010\/06\/imprensa_capa_gp_out2007.jpg\" alt=\"\" width=\"200\" height=\"276\" \/><\/a><\/p>\n<p><a href=\"http:\/\/efxpedais.com\/loja\/wp-content\/uploads\/2010\/06\/imprensa_gp_nov2008.jpg\"><img loading=\"lazy\" title=\"imprensa_capa_gp_nov2008\" src=\"http:\/\/efxpedais.com\/loja\/wp-content\/uploads\/2010\/06\/imprensa_capa_gp_nov2008.jpg\" alt=\"\" width=\"200\" height=\"276\" \/><\/a><\/p>\n<p><a href=\"http:\/\/www.baixista.com.br\/index.php?option=com_content&amp;task=view&amp;id=142&amp;Itemid=1 target=\"><img loading=\"lazy\" title=\"imprensa_baixistas_capa\" src=\"http:\/\/efxpedais.com\/loja\/wp-content\/uploads\/2010\/06\/imprensa_baixistas_capa.jpg\" alt=\"\" width=\"170\" height=\"220\" \/><\/a><\/p>\n<p><a href=\"http:\/\/blog.guitarlick.com.br\/2009\/04\/25\/no-mundo-dos-musicos-timbres-se-equiparam-a-sabores-cores-e-texturas\/\" target=\"_blank\" rel=\"noopener\"><img loading=\"lazy\" title=\"imprensa_guitarlog_capa\" src=\"http:\/\/efxpedais.com\/loja\/wp-content\/uploads\/2010\/06\/imprensa_guitarlog_capa.jpg\" alt=\"\" width=\"200\" height=\"276\" \/><\/a><\/p>\n<\/div>\n","protected":false},"excerpt":{"rendered":"<p>A EFX come\u00e7ou em meados de 2002, quando o at\u00e9 ent\u00e3o estudante de engenharia el\u00e9trica, Eugenio Vila Greg\u00f3rio, decidiu fazer alguns experimentos de eletr\u00f4nica e utiliz\u00e1-los para alterar o som de sua guitarra. De in\u00edcio, n\u00e3o tinha pretens\u00e3o alguma de comercializ\u00e1-los, mas seus amigos gostaram muito do som e come\u00e7aram a pedir-lhe que clonasse efeitos<\/p>\n<div class=\"more-link\">\n\t\t\t\t <a href=\"https:\/\/efxpedais.com\/loja\/sobre-a-e-f-x-effects\/\" class=\"btn theme-btn\"><span>Continue Reading <\/span><i class=\"icofont-thin-double-right\"><\/i><\/a>\n\t\t\t<\/div>\n","protected":false},"author":1,"featured_media":0,"parent":0,"menu_order":0,"comment_status":"closed","ping_status":"closed","template":"","meta":[],"_links":{"self":[{"href":"https:\/\/efxpedais.com\/loja\/wp-json\/wp\/v2\/pages\/198"}],"collection":[{"href":"https:\/\/efxpedais.com\/loja\/wp-json\/wp\/v2\/pages"}],"about":[{"href":"https:\/\/efxpedais.com\/loja\/wp-json\/wp\/v2\/types\/page"}],"author":[{"embeddable":true,"href":"https:\/\/efxpedais.com\/loja\/wp-json\/wp\/v2\/users\/1"}],"replies":[{"embeddable":true,"href":"https:\/\/efxpedais.com\/loja\/wp-json\/wp\/v2\/comments?post=198"}],"version-history":[{"count":0,"href":"https:\/\/efxpedais.com\/loja\/wp-json\/wp\/v2\/pages\/198\/revisions"}],"wp:attachment":[{"href":"https:\/\/efxpedais.com\/loja\/wp-json\/wp\/v2\/media?parent=198"}],"curies":[{"name":"wp","href":"https:\/\/api.w.org\/{rel}","templated":true}]}}